{"id":89,"date":"2020-12-15T09:48:15","date_gmt":"2020-12-15T09:48:15","guid":{"rendered":"http:\/\/hlnplastik.com.tr\/?page_id=89"},"modified":"2023-09-10T11:55:26","modified_gmt":"2023-09-10T11:55:26","slug":"contact-iletisim","status":"publish","type":"page","link":"https:\/\/hlnplastik.com.tr\/?page_id=89","title":{"rendered":"CONTACT-\u0130LET\u0130\u015e\u0130M"},"content":{"rendered":"\n<p><strong>HLN PLAST\u0130K \u0130\u00c7 VE DI\u015e T\u0130C. LTD. \u015eT\u0130<\/strong><\/p>\n\n\n\n<p><strong>Merkez &#8211; Center:<\/strong> Karl\u0131ktepe Mah. \u00c7ukurbostan Sok. No: 28 \u0130\u00e7 Kap\u0131 No: 7 Kartal <br>ISTANBUL TURKEY<br><strong>34870<\/strong><br>export@hlnplastik.com.tr \/ info@hlnplastik.com.tr<br><br><strong>Depo &#8211; Warehouse<\/strong>: G\u00fcm\u00fc\u015fp\u0131nar Mah. Tankyolu Cad. No: 36\/A Kartal Istanbul Turkey<br><br>Tel: +90 216 766 36 42 \/ +90 531 481 11 19 \/ +90 507 397 5889<\/p>\n","protected":false},"excerpt":{"rendered":"<p>HLN PLAST\u0130K \u0130\u00c7 VE DI\u015e T\u0130C. LTD. \u015eT\u0130 Merkez &#8211; Center: Karl\u0131ktepe Mah. \u00c7ukurbostan Sok. No: 28 \u0130\u00e7 Kap\u0131 No: 7 Kartal ISTANBUL TURKEY34870export@hlnplastik.com.tr \/ info@hlnplastik.com.tr Depo &#8211; Warehouse: G\u00fcm\u00fc\u015fp\u0131nar Mah. Tankyolu Cad. No: 36\/A Kartal Istanbul Turkey Tel: +90 216 766 36 42 \/ +90 531 481 11 19 \/ +90 507 397 5889<\/p>\n","protected":false},"author":1,"featured_media":0,"parent":0,"menu_order":0,"comment_status":"closed","ping_status":"closed","template":"","meta":{"footnotes":""},"class_list":["post-89","page","type-page","status-publish","hentry"],"_links":{"self":[{"href":"https:\/\/hlnplastik.com.tr\/index.php?rest_route=\/wp\/v2\/pages\/89","targetHints":{"allow":["GET"]}}],"collection":[{"href":"https:\/\/hlnplastik.com.tr\/index.php?rest_route=\/wp\/v2\/pages"}],"about":[{"href":"https:\/\/hlnplastik.com.tr\/index.php?rest_route=\/wp\/v2\/types\/page"}],"author":[{"embeddable":true,"href":"https:\/\/hlnplastik.com.tr\/index.php?rest_route=\/wp\/v2\/users\/1"}],"replies":[{"embeddable":true,"href":"https:\/\/hlnplastik.com.tr\/index.php?rest_route=%2Fwp%2Fv2%2Fcomments&post=89"}],"version-history":[{"count":12,"href":"https:\/\/hlnplastik.com.tr\/index.php?rest_route=\/wp\/v2\/pages\/89\/revisions"}],"predecessor-version":[{"id":256,"href":"https:\/\/hlnplastik.com.tr\/index.php?rest_route=\/wp\/v2\/pages\/89\/revisions\/256"}],"wp:attachment":[{"href":"https:\/\/hlnplastik.com.tr\/index.php?rest_route=%2Fwp%2Fv2%2Fmedia&parent=89"}],"curies":[{"name":"wp","href":"https:\/\/api.w.org\/{rel}","templated":true}]}}